e tens digit of 100637?
3
What is the thousands digit of 201321?
1
What is the tens digit of 95090?
9
What is the thousands digit of 2490436?
0
What is the units digit of 764934?
4
What is the ten thousands digit of 9809389?
0
What is the thousands digit of 213652?
3
What is the hundred thousands digit of 729595?
7
What is the ten thousands digit of 1770787?
7
What is the millions digit of 10997216?
0
What is the thousands digit of 493436?
3
What is the units digit of 62882?
2
What is the hundreds digit of 107502?
5
What is the hundred thousands digit of 1459542?
4
What is the thousands digit of 877085?
7
What is the tens digit of 6528421?
2
What is the thousands digit of 6943055?
3
What is the ten thousands digit of 2219249?
1
What is the millions digit of 4488386?
4
What is the thousands digit of 2743091?
3
What is the ten thousands digit of 167433?
6
What is the hundreds digit of 7862926?
9
What is the units digit of 3847631?
1
What is the thousands digit of 6277398?
7
What is the ten thousands digit of 1907934?
0
What is the ten thousands digit of 13803747?
0
What is the millions digit of 17790116?
7
What is the units digit of 2381798?
8
What is the hundreds digit of 151380?
3
What is the hundred thousands digit of 187292?
1
What is the units digit of 191725?
5
What is the hundred thousands digit of 2204616?
2
What is the units digit of 221298?
8
What is the ten millions digit of 14047522?
1
What is the hundred thousands digit of 6611147?
6
What is the hundred thousands digit of 1810850?
8
What is the tens digit of 1288999?
9
What is the units digit of 5585677?
7
What is the tens digit of 1545864?
6
What is the millions digit of 6993208?
6
What is the thousands digit of 51061?
1
What is the thousands digit of 97774?
7
What is the hundreds digit of 1487484?
4
What is the hundred thousands digit of 5074581?
0
What is the tens digit of 200375?
7
What is the tens digit of 328532?
3
What is the tens digit of 5796819?
1
What is the tens digit of 2184696?
9
What is the tens digit of 196392?
9
What is the ten millions digit of 20411251?
2
What is the units digit of 13554031?
1
What is the units digit of 847031?
1
What is the hundreds digit of 70290?
2
What is the units digit of 356394?
4
What is the hundreds digit of 286156?
1
What is the hundred thousands digit of 487931?
4
What is the thousands digit of 917662?
7
What is the thousands digit of 305155?
5
What is the hundred thousands digit of 200633?
2
What is the millions digit of 11081875?
1
What is the hundred thousands digit of 277720?
2
What is the units digit of 525739?
9
What is the hundreds digit of 429187?
1
What is the hundreds digit of 41807?
8
What is the ten thousands digit of 1486395?
8
What is the ten thousands digit of 32649801?
4
What is the units digit of 4519?
9
What is the hundreds digit of 33184872?
8
What is the ten thousands digit of 292360?
9
What is the tens digit of 8428993?
9
What is the ten thousands digit of 805598?
0
What is the hundreds digit of 23726531?
5
What is the millions digit of 4650539?
4
What is the hundreds digit of 14350161?
1
What is the tens digit of 3148874?
7
What is the hundred thousands digit of 176351?
1
What is the thousands digit of 6745234?
5
What is the units digit of 240254?
4
What is the tens digit of 3035263?
6
What is the ten thousands digit of 4223337?
2
What is the ten thousands digit of 200857?
0
What is the tens digit of 3027635?
3
What is the hundreds digit of 156941?
9
What is the millions digit of 8495373?
8
What is the ten thousands digit of 438348?
3
What is the thousands digit of 8674299?
4
What is the hundreds digit of 204920?
9
What is the thousands digit of 762165?
2
What is the hundred thousands digit of 316696?
3
What is the ten thousands digit of 172605?
7
What is the units digit of 624975?
5
What is the thousands digit of 725903?
5
What is the thousands digit of 1126845?
6
What is the hundred thousands digit of 2422650?
4
What is the units digit of 2068864?
4
What is the tens digit of 89288?
8
What is the hundred thousands digit of 7070659?
0
What is the ten thousands digit of 2938345?
3
What is the thousands digit of 2792458?
2
What is the ten thousands digit of 105082?
0
What is the hundred thousands digit of 2806005?
8
What is the millions digit of 4099123?
4
What is the ten thousands digit of 11928290?
2
What is the units digit of 1754351?
1
What is the hundred thousands digit of 2256966?
2
What is the hundreds digit of 11796226?
2
What is the hundreds digit of 1624655?
6
What is the thousands digit of 103545?
3
What is the ten thousands digit of 1735306?
3
What is the hundred thousands digit of 1950742?
9
What is the tens digit of 480651?
5
What is the tens digit of 425383?
8
What is the hundreds digit of 241191?
1
What is the thousands digit of 6643255?
3
What is the hundred thousands digit of 7487056?
4
What is the ten thousands digit of 100357?
0
What is the units digit of 301644?
4
What is the thousands digit of 3234089?
4
What is the thousands digit of 2791436?
1
What is the ten thousands digit of 17259665?
5
What is the tens digit of 1146704?
0
What is the thousands digit of 19967333?
7
What is the units digit of 670655?
5
What is the tens digit of 1130048?
4
What is the thousands digit of 2678174?
8
What is the hundreds digit of 599064?
0
What is the hundred thousands digit of 770495?
7
What is the units digit of 18016265?
5
What is the tens digit of 979422?
2
What is the tens digit of 75282?
8
What is the hundreds digit of 391002?
0
What is the hundred thousands digit of 1035787?
0
What is the ten thousands digit of 609635?
0
What is the hundreds digit of 535932?
9
What is the ten thousands digit of 1211438?
1
What is the hundred thousands digit of 134728?
1
What is the hundred thousands digit of 1161822?
1
What is the units digit of 83057?
7
What is the ten thousands digit of 57227?
5
What is the hundreds digit of 2679815?
8
What is the tens digit of 4056740?
4
What is the hundred thousands digit of 139158?
1
What is the millions digit of 11919958?
1
What is the ten thousands digit of 470254?
7
What is the hundreds digit of 67085?
0
What is the ten thousands digit of 12595005?
9
What is the units digit of 4515130?
0
What is the hundred thousands digit of 2795329?
7
What is the units digit of 318487?
7
What is the hundreds digit of 3373711?
7
What is the hundred thousands digit of 5597455?
5
What is the units digit of 8970353?
3
What is the hundreds digit of 38677?
6
What is the thousands digit of 660673?
0
What is the tens digit of 1289912?
1
What is the tens digit of 159462?
6
What is the ten thousands digit of 9824786?
2
What is the ten thousands digit of 1704048?
0
What is the ten thousands digit of 6834262?
3
What is the thousands digit of 209900?
9
What is the hundreds digit of 39256?
2
What is the hundred thousands digit of 10205717?
2
What is the ten thousands digit of 1028565?
2
What is the hundred thousands digit of 19228651?
2
What is the tens digit of 2325274?
7
What is the tens digit of 6717882?
8
What is the tens digit of 121387?
8
What is the units digit of 15576959?
9
What is the hundred thousands digit of 1761679?
7
What is the units digit of 126908?
8
What is the thousands digit of 446346?
6
What is the millions digit of 2826086?
2
What is the millions digit of 3288590?
3
What is the ten thousands digit of 4650985?
5
What is the millions digit of 10466107?
0
What is the hundreds digit of 182980?
9
What is the units digit of 581321?
1
What is the units digit of 308399?
9
What is the units digit of 428486?
6
What is the ten thousands digit of 550969?
5
What is the hundred thousands digit of 319148?
3
What is the thousands digit of 2958176?
8
What is the hundreds digit of 5465139?
1
What is the hundreds digit of 316990?
9
What is the hundreds digit of 5555378?
3
What is the millions digit of 15932692?
5
What is the hundreds digit of 160239?
2
What is the millions digit of 6713222?
6
What is the tens digit of 63946?
4
What is the tens digit of 139265?
6
What is the hundreds digit of 6964?
9
What is the thousands digit of 159265?
9
What is the tens digit of 5496032?
3
What is the thousands digit of 12631940?
1
What is the ten thousands digit of 801343?
0
What is the tens digit of 3057092?
9
W